{"id":2591,"date":"2019-12-09T18:40:23","date_gmt":"2019-12-09T21:40:23","guid":{"rendered":"http:\/\/staar.com.uy\/web\/producto\/sobadoras-montecastello\/"},"modified":"2024-09-04T17:17:17","modified_gmt":"2024-09-04T20:17:17","slug":"sobadoras-montecastello","status":"publish","type":"product","link":"https:\/\/staar.com.uy\/web\/producto\/sobadoras-montecastello\/","title":{"rendered":"Sobadora de Mesa El\u00e9ctrica Venancio"},"content":{"rendered":"<div class=\"wpb-content-wrapper\">[vc_row][vc_column][vc_column_text css=\u00bb.vc_custom_1725480882629{margin-bottom: 0px !important;}\u00bb]\n<div class=\"flex max-w-full flex-col flex-grow\">\n<div class=\"min-h-[20px] text-message flex w-full flex-col items-end gap-2 break-words [.text-message+&amp;]:mt-5 overflow-x-auto whitespace-normal\" dir=\"auto\" data-message-author-role=\"assistant\" data-message-id=\"cf67a447-a6ba-4515-90fb-a5a4dc60c9a0\">\n<div class=\"flex w-full flex-col gap-1 empty:hidden first:pt-[3px]\">\n<div class=\"markdown prose w-full break-words dark:prose-invert dark\">\n<h3>Sobadora de Mesa El\u00e9ctrica Venancio CLMV30<\/h3>\n<p>La Sobadora de Mesa El\u00e9ctrica Venancio CLMV30 es una herramienta robusta y eficiente, dise\u00f1ada para procesar masas con facilidad en entornos comerciales como panader\u00edas y pasteler\u00edas. Su tama\u00f1o compacto y potencia aseguran un rendimiento confiable y preciso.<\/p>\n<p><strong>Marca:<\/strong> Venancio<br \/>\n<strong>Modelo:<\/strong> CLMV30<br \/>\n<strong>Origen:<\/strong> Brasil<br \/>\n<strong>Potencia:<\/strong> 3\/4 HP<br \/>\n<strong>Consumo:<\/strong> 510 W<br \/>\n<strong>Medida de Rodillo:<\/strong> 300 mm<br \/>\n<strong>Material de Rodillos:<\/strong> Cromo duro<br \/>\n<strong>Apertura M\u00e1xima de los Rodillos:<\/strong> 1 a 20 mm<br \/>\n<strong>Capacidad de Trabajo:<\/strong> Hasta 2 kg<br \/>\n<strong>Dimensiones Externas:<\/strong><\/p>\n<ul>\n<li><strong>Ancho:<\/strong> 49 cm<\/li>\n<li><strong>Profundidad:<\/strong> 58 cm<\/li>\n<li><strong>Altura:<\/strong> 54 cm<\/li>\n<\/ul>\n<p>Esta sobadora es ideal para negocios que buscan un equipo confiable y duradero para trabajar con diferentes tipos de masa, con rodillos de alta calidad que garantizan un amasado uniforme y eficiente.<\/p>\n<\/div>\n<\/div>\n<\/div>\n<\/div>\n[\/vc_column_text][\/vc_column][\/vc_row]\n<\/div>","protected":false},"excerpt":{"rendered":"<p>[vc_row][vc_column][vc_column_text css=\u00bb.vc_custom_1725480882629{margin-bottom: 0px !important;}\u00bb] Sobadora de Mesa El\u00e9ctrica Venancio CLMV30 La Sobadora de Mesa El\u00e9ctrica Venancio CLMV30 es una herramienta robusta y eficiente, dise\u00f1ada para procesar masas con facilidad en entornos comerciales como panader\u00edas y pasteler\u00edas. Su tama\u00f1o compacto y potencia aseguran un rendimiento confiable y preciso. Marca: Venancio Modelo: CLMV30 Origen: Brasil Potencia: 3\/4 [&hellip;]<\/p>\n","protected":false},"featured_media":4992,"template":"","meta":[],"product_brand":[],"product_cat":[66,76],"product_tag":[],"class_list":{"0":"post-2591","1":"product","2":"type-product","3":"status-publish","4":"has-post-thumbnail","6":"product_cat-panaderias","7":"product_cat-utilitarios","9":"first","10":"instock","11":"shipping-taxable","12":"product-type-simple"},"yoast_head":"<!-- This site is optimized with the Yoast SEO plugin v24.9 - https:\/\/yoast.com\/wordpress\/plugins\/seo\/ -->\n<title>Sobadora de Mesa El\u00e9ctrica Venancio - Staar - Equipamiento Comercial e Industrial<\/title>\n<meta name=\"robots\" content=\"index, follow, max-snippet:-1, max-image-preview:large, max-video-preview:-1\" \/>\n<link rel=\"canonical\" href=\"https:\/\/staar.com.uy\/web\/producto\/sobadoras-montecastello\/\" \/>\n<meta property=\"og:locale\" content=\"es_ES\" \/>\n<meta property=\"og:type\" content=\"article\" \/>\n<meta property=\"og:title\" content=\"Sobadora de Mesa El\u00e9ctrica Venancio - Staar - Equipamiento Comercial e Industrial\" \/>\n<meta property=\"og:description\" content=\"[vc_row][vc_column][vc_column_text css=\u00bb.vc_custom_1725480882629{margin-bottom: 0px !important;}\u00bb] Sobadora de Mesa El\u00e9ctrica Venancio CLMV30 La Sobadora de Mesa El\u00e9ctrica Venancio CLMV30 es una herramienta robusta y eficiente, dise\u00f1ada para procesar masas con facilidad en entornos comerciales como panader\u00edas y pasteler\u00edas. Su tama\u00f1o compacto y potencia aseguran un rendimiento confiable y preciso. Marca: Venancio Modelo: CLMV30 Origen: Brasil Potencia: 3\/4 [&hellip;]\" \/>\n<meta property=\"og:url\" content=\"https:\/\/staar.com.uy\/web\/producto\/sobadoras-montecastello\/\" \/>\n<meta property=\"og:site_name\" content=\"Staar - Equipamiento Comercial e Industrial\" \/>\n<meta property=\"article:publisher\" content=\"https:\/\/www.facebook.com\/people\/Staar-Group\/100093661247038\/\" \/>\n<meta property=\"article:modified_time\" content=\"2024-09-04T20:17:17+00:00\" \/>\n<meta property=\"og:image\" content=\"https:\/\/staar.com.uy\/web\/wp-content\/uploads\/2019\/12\/sobadora-venancio-30-cm-.jpg\" \/>\n\t<meta property=\"og:image:width\" content=\"1000\" \/>\n\t<meta property=\"og:image:height\" content=\"1000\" \/>\n\t<meta property=\"og:image:type\" content=\"image\/jpeg\" \/>\n<meta name=\"twitter:label1\" content=\"Tiempo de lectura\" \/>\n\t<meta name=\"twitter:data1\" content=\"1 minuto\" \/>\n<script type=\"application\/ld+json\" class=\"yoast-schema-graph\">{\"@context\":\"https:\/\/schema.org\",\"@graph\":[{\"@type\":\"WebPage\",\"@id\":\"https:\/\/staar.com.uy\/web\/producto\/sobadoras-montecastello\/\",\"url\":\"https:\/\/staar.com.uy\/web\/producto\/sobadoras-montecastello\/\",\"name\":\"Sobadora de Mesa El\u00e9ctrica Venancio - Staar - Equipamiento Comercial e Industrial\",\"isPartOf\":{\"@id\":\"https:\/\/staar.com.uy\/web\/#website\"},\"primaryImageOfPage\":{\"@id\":\"https:\/\/staar.com.uy\/web\/producto\/sobadoras-montecastello\/#primaryimage\"},\"image\":{\"@id\":\"https:\/\/staar.com.uy\/web\/producto\/sobadoras-montecastello\/#primaryimage\"},\"thumbnailUrl\":\"https:\/\/staar.com.uy\/web\/wp-content\/uploads\/2019\/12\/sobadora-venancio-30-cm-.jpg\",\"datePublished\":\"2019-12-09T21:40:23+00:00\",\"dateModified\":\"2024-09-04T20:17:17+00:00\",\"breadcrumb\":{\"@id\":\"https:\/\/staar.com.uy\/web\/producto\/sobadoras-montecastello\/#breadcrumb\"},\"inLanguage\":\"es\",\"potentialAction\":[{\"@type\":\"ReadAction\",\"target\":[\"https:\/\/staar.com.uy\/web\/producto\/sobadoras-montecastello\/\"]}]},{\"@type\":\"ImageObject\",\"inLanguage\":\"es\",\"@id\":\"https:\/\/staar.com.uy\/web\/producto\/sobadoras-montecastello\/#primaryimage\",\"url\":\"https:\/\/staar.com.uy\/web\/wp-content\/uploads\/2019\/12\/sobadora-venancio-30-cm-.jpg\",\"contentUrl\":\"https:\/\/staar.com.uy\/web\/wp-content\/uploads\/2019\/12\/sobadora-venancio-30-cm-.jpg\",\"width\":1000,\"height\":1000},{\"@type\":\"BreadcrumbList\",\"@id\":\"https:\/\/staar.com.uy\/web\/producto\/sobadoras-montecastello\/#breadcrumb\",\"itemListElement\":[{\"@type\":\"ListItem\",\"position\":1,\"name\":\"Tienda\",\"item\":\"https:\/\/staar.com.uy\/web\/tienda\/\"},{\"@type\":\"ListItem\",\"position\":2,\"name\":\"Sobadora de Mesa El\u00e9ctrica Venancio\"}]},{\"@type\":\"WebSite\",\"@id\":\"https:\/\/staar.com.uy\/web\/#website\",\"url\":\"https:\/\/staar.com.uy\/web\/\",\"name\":\"Staar - Equipamiento Comercial e Industrial\",\"description\":\"Equipamiento Comercial e Industrial\",\"publisher\":{\"@id\":\"https:\/\/staar.com.uy\/web\/#organization\"},\"potentialAction\":[{\"@type\":\"SearchAction\",\"target\":{\"@type\":\"EntryPoint\",\"urlTemplate\":\"https:\/\/staar.com.uy\/web\/?s={search_term_string}\"},\"query-input\":{\"@type\":\"PropertyValueSpecification\",\"valueRequired\":true,\"valueName\":\"search_term_string\"}}],\"inLanguage\":\"es\"},{\"@type\":\"Organization\",\"@id\":\"https:\/\/staar.com.uy\/web\/#organization\",\"name\":\"Staar - Equipamiento Comercial e Industrial\",\"url\":\"https:\/\/staar.com.uy\/web\/\",\"logo\":{\"@type\":\"ImageObject\",\"inLanguage\":\"es\",\"@id\":\"https:\/\/staar.com.uy\/web\/#\/schema\/logo\/image\/\",\"url\":\"https:\/\/staar.com.uy\/web\/wp-content\/uploads\/2019\/12\/cropped-logo-fb.png\",\"contentUrl\":\"https:\/\/staar.com.uy\/web\/wp-content\/uploads\/2019\/12\/cropped-logo-fb.png\",\"width\":512,\"height\":512,\"caption\":\"Staar - Equipamiento Comercial e Industrial\"},\"image\":{\"@id\":\"https:\/\/staar.com.uy\/web\/#\/schema\/logo\/image\/\"},\"sameAs\":[\"https:\/\/www.facebook.com\/people\/Staar-Group\/100093661247038\/\",\"https:\/\/www.instagram.com\/staarequipamientos\/\"]}]}<\/script>\n<!-- \/ Yoast SEO plugin. -->","yoast_head_json":{"title":"Sobadora de Mesa El\u00e9ctrica Venancio - Staar - Equipamiento Comercial e Industrial","robots":{"index":"index","follow":"follow","max-snippet":"max-snippet:-1","max-image-preview":"max-image-preview:large","max-video-preview":"max-video-preview:-1"},"canonical":"https:\/\/staar.com.uy\/web\/producto\/sobadoras-montecastello\/","og_locale":"es_ES","og_type":"article","og_title":"Sobadora de Mesa El\u00e9ctrica Venancio - Staar - Equipamiento Comercial e Industrial","og_description":"[vc_row][vc_column][vc_column_text css=\u00bb.vc_custom_1725480882629{margin-bottom: 0px !important;}\u00bb] Sobadora de Mesa El\u00e9ctrica Venancio CLMV30 La Sobadora de Mesa El\u00e9ctrica Venancio CLMV30 es una herramienta robusta y eficiente, dise\u00f1ada para procesar masas con facilidad en entornos comerciales como panader\u00edas y pasteler\u00edas. Su tama\u00f1o compacto y potencia aseguran un rendimiento confiable y preciso. Marca: Venancio Modelo: CLMV30 Origen: Brasil Potencia: 3\/4 [&hellip;]","og_url":"https:\/\/staar.com.uy\/web\/producto\/sobadoras-montecastello\/","og_site_name":"Staar - Equipamiento Comercial e Industrial","article_publisher":"https:\/\/www.facebook.com\/people\/Staar-Group\/100093661247038\/","article_modified_time":"2024-09-04T20:17:17+00:00","og_image":[{"width":1000,"height":1000,"url":"https:\/\/staar.com.uy\/web\/wp-content\/uploads\/2019\/12\/sobadora-venancio-30-cm-.jpg","type":"image\/jpeg"}],"twitter_misc":{"Tiempo de lectura":"1 minuto"},"schema":{"@context":"https:\/\/schema.org","@graph":[{"@type":"WebPage","@id":"https:\/\/staar.com.uy\/web\/producto\/sobadoras-montecastello\/","url":"https:\/\/staar.com.uy\/web\/producto\/sobadoras-montecastello\/","name":"Sobadora de Mesa El\u00e9ctrica Venancio - Staar - Equipamiento Comercial e Industrial","isPartOf":{"@id":"https:\/\/staar.com.uy\/web\/#website"},"primaryImageOfPage":{"@id":"https:\/\/staar.com.uy\/web\/producto\/sobadoras-montecastello\/#primaryimage"},"image":{"@id":"https:\/\/staar.com.uy\/web\/producto\/sobadoras-montecastello\/#primaryimage"},"thumbnailUrl":"https:\/\/staar.com.uy\/web\/wp-content\/uploads\/2019\/12\/sobadora-venancio-30-cm-.jpg","datePublished":"2019-12-09T21:40:23+00:00","dateModified":"2024-09-04T20:17:17+00:00","breadcrumb":{"@id":"https:\/\/staar.com.uy\/web\/producto\/sobadoras-montecastello\/#breadcrumb"},"inLanguage":"es","potentialAction":[{"@type":"ReadAction","target":["https:\/\/staar.com.uy\/web\/producto\/sobadoras-montecastello\/"]}]},{"@type":"ImageObject","inLanguage":"es","@id":"https:\/\/staar.com.uy\/web\/producto\/sobadoras-montecastello\/#primaryimage","url":"https:\/\/staar.com.uy\/web\/wp-content\/uploads\/2019\/12\/sobadora-venancio-30-cm-.jpg","contentUrl":"https:\/\/staar.com.uy\/web\/wp-content\/uploads\/2019\/12\/sobadora-venancio-30-cm-.jpg","width":1000,"height":1000},{"@type":"BreadcrumbList","@id":"https:\/\/staar.com.uy\/web\/producto\/sobadoras-montecastello\/#breadcrumb","itemListElement":[{"@type":"ListItem","position":1,"name":"Tienda","item":"https:\/\/staar.com.uy\/web\/tienda\/"},{"@type":"ListItem","position":2,"name":"Sobadora de Mesa El\u00e9ctrica Venancio"}]},{"@type":"WebSite","@id":"https:\/\/staar.com.uy\/web\/#website","url":"https:\/\/staar.com.uy\/web\/","name":"Staar - Equipamiento Comercial e Industrial","description":"Equipamiento Comercial e Industrial","publisher":{"@id":"https:\/\/staar.com.uy\/web\/#organization"},"potentialAction":[{"@type":"SearchAction","target":{"@type":"EntryPoint","urlTemplate":"https:\/\/staar.com.uy\/web\/?s={search_term_string}"},"query-input":{"@type":"PropertyValueSpecification","valueRequired":true,"valueName":"search_term_string"}}],"inLanguage":"es"},{"@type":"Organization","@id":"https:\/\/staar.com.uy\/web\/#organization","name":"Staar - Equipamiento Comercial e Industrial","url":"https:\/\/staar.com.uy\/web\/","logo":{"@type":"ImageObject","inLanguage":"es","@id":"https:\/\/staar.com.uy\/web\/#\/schema\/logo\/image\/","url":"https:\/\/staar.com.uy\/web\/wp-content\/uploads\/2019\/12\/cropped-logo-fb.png","contentUrl":"https:\/\/staar.com.uy\/web\/wp-content\/uploads\/2019\/12\/cropped-logo-fb.png","width":512,"height":512,"caption":"Staar - Equipamiento Comercial e Industrial"},"image":{"@id":"https:\/\/staar.com.uy\/web\/#\/schema\/logo\/image\/"},"sameAs":["https:\/\/www.facebook.com\/people\/Staar-Group\/100093661247038\/","https:\/\/www.instagram.com\/staarequipamientos\/"]}]}},"_links":{"self":[{"href":"https:\/\/staar.com.uy\/web\/wp-json\/wp\/v2\/product\/2591","targetHints":{"allow":["GET"]}}],"collection":[{"href":"https:\/\/staar.com.uy\/web\/wp-json\/wp\/v2\/product"}],"about":[{"href":"https:\/\/staar.com.uy\/web\/wp-json\/wp\/v2\/types\/product"}],"wp:featuredmedia":[{"embeddable":true,"href":"https:\/\/staar.com.uy\/web\/wp-json\/wp\/v2\/media\/4992"}],"wp:attachment":[{"href":"https:\/\/staar.com.uy\/web\/wp-json\/wp\/v2\/media?parent=2591"}],"wp:term":[{"taxonomy":"product_brand","embeddable":true,"href":"https:\/\/staar.com.uy\/web\/wp-json\/wp\/v2\/product_brand?post=2591"},{"taxonomy":"product_cat","embeddable":true,"href":"https:\/\/staar.com.uy\/web\/wp-json\/wp\/v2\/product_cat?post=2591"},{"taxonomy":"product_tag","embeddable":true,"href":"https:\/\/staar.com.uy\/web\/wp-json\/wp\/v2\/product_tag?post=2591"}],"curies":[{"name":"wp","href":"https:\/\/api.w.org\/{rel}","templated":true}]}}